-s**3 + 2*s**2 - 20*s + 10. Give l(0).
10
Let h(g) = g**2 - 19*g - 9. Give h(19).
-9
Let a(c) = -c**2 - 79*c + 989. Give a(11).
-1
Let b(s) = 2*s**3 + 5*s**2 + 2*s + 2. Calculate b(-1).
3
Let x(u) = 82*u + 214. What is x(-4)?
-114
Let r(m) = m**2 + 35*m + 40. Give r(-34).
6
Let k(n) = 2*n**2 - 54*n - 1713. What is k(-19)?
35
Let u(t) = -t**3 - 3*t**2 + 71*t + 296. Give u(-4).
28
Let u(b) = -3*b**2 - 91*b + 988. Determine u(-39).
-26
Let b(v) = -v**3 - 60*v**2 - 148*v + 1312. What is b(-57)?
1
Let c(h) = 346*h + 1780. Determine c(-7).
-642
Let n(p) = -p**2 - 1611*p + 9706. What is n(6)?
4
Let y(c) = c**2 + 6*c + 142. Calculate y(-6).
142
Let f(z) = z**2 + 46*z + 513. Give f(-40).
273
Let j(p) = p**2 + 6*p + 4. Give j(-17).
191
Let x(f) = 2*f**3 - 24*f**2 + 31*f - 745. Give x(13).
-4
Let i(d) = d**3 + 25*d**2 + 155*d + 13. Give i(-12).
25
Let t(q) = -3*q**3 - 79*q**2 + 29*q - 649. Determine t(-27).
26
Let h(n) = 483*n**3 + 6*n**2 + 6*n + 2. Give h(-1).
-481
Let l(d) = -2*d + 28. Give l(40).
-52
Let x(h) = -50*h + 220. Give x(14).
-480
Let o(t) = -t**3 + 7*t**2 + 53. Determine o(7).
53
Let l(g) = 488*g**2 - 11*g + 3. What is l(1)?
480
Let c(h) = -15*h**3 + 3*h**2 + h - 2. Give c(-2).
128
Let m(x) = x**3 - 111*x**2 - 228*x + 222. Calculate m(113).
-4
Let v(j) = -j**2 - 27*j + 375. Calculate v(-37).
5
Let j(o) = -o**3 - 10*o**2 - 25*o. Determine j(-4).
4
Let s(p) = -p**3 + 2*p**2 + 2*p + 68. Give s(0).
68
Let f(g) = -g**2 + 24*g + 128. What is f(26)?
76
Let a(r) = 2*r**3 - 151*r**2 + 87*r - 949. Calculate a(75).
-49
Let l(w) = 38*w**2 - 833*w - 31. Calculate l(22).
35
Let g(x) = 3*x**2 + 187*x + 749. Give g(-58).
-5
Let c(p) = -27*p - 15. What is c(7)?
-204
Let u(c) = -3*c**3 - 838*c**2 - 1113*c - 274. Calculate u(-278).
4
Let u(k) = 17*k**3 - 119*k**2 - 3*k + 27. Determine u(7).
6
Let i(h) = -h**3 + 70*h**2 - 261*h - 6. Calculate i(4).
6
Let h(d) = 31*d - 194. What is h(11)?
147
Let s(c) = c**2 + 46*c - 296. Calculate s(7).
75
Let j(y) = 9*y**2 + 57*y + 10. Calculate j(-5).
-50
Let o(q) = -3*q**2 + 54*q + 447. Determine o(24).
15
Let n(d) = -d**3 + 3*d**2 + 9*d - 31. Give n(6).
-85
Let b(o) = -247*o + 4178. Calculate b(17).
-21
Let q(x) = x**3 - 12*x**2 + 12*x - 43. What is q(10)?
-123
Let k(n) = -n**2 + 137*n - 1036. Determine k(8).
-4
Let l(z) = -3*z**2 + 143*z + 1118. Determine l(55).
-92
Let j(p) = -p**3 - 51*p**2 - 228*p + 121. Determine j(-46).
29
Let j(l) = -27*l - 2487. Determine j(-91).
-30
Let d(h) = -h**3 + 10*h**2 - 2*h + 324. Determine d(10).
304
Let l(w) = -w**2 - 10*w - 21. Give l(-6).
3
Let j(m) = -149*m + 49. Calculate j(-2).
347
Let c(y) = -y**3 + 49*y**2 + y - 26. Give c(49).
23
Let v(k) = -94*k - 2025. What is v(-22)?
43
Let z(s) = -4*s**3 - 21*s**2 - 16*s - 82. What is z(-5)?
-27
Let w(k) = -2*k**2 - 131*k - 602. What is w(-5)?
3
Let u(s) = -299*s - 8969. Calculate u(-30).
1
Let k(d) = -2*d**2 + 33*d + 557. What is k(-11)?
-48
Let n(p) = -8*p**3 + 2*p**2 - p + 4. Give n(2).
-54
Let f(d) = 2*d**2 - 151*d + 500. Determine f(72).
-4
Let c(o) = 491*o + 1935. Determine c(-4).
-29
Let p(r) = r**3 - 29*r**2 - 27*r - 180. Determine p(30).
-90
Let x(d) = -2*d**2 - 30*d - 114. Give x(-8).
-2
Let w(h) = h**2 - 80*h - 10. Give w(0).
-10
Let r(s) = -2*s**3 + 9*s**2 + 92*s - 286. Give r(8).
2
Let n(z) = -z**3 - 23*z**2 - 24*z - 33. What is n(-22)?
11
Let c(w) = -48*w**2 - 4*w + 9. What is c(-2)?
-175
Let j(d) = 14*d - 82. Give j(0).
-82
Let y(z) = 2*z**2 - 117*z + 1664. Give y(35).
19
Let w(m) = m**3 + 22*m**2 + 128*m + 76. Give w(-11).
-1
Let t(m) = 13*m - 253. Determine t(20).
7
Let q(j) = -118*j**2 - 18*j. Calculate q(-2).
-436
Let u(x) = 142*x + 2365. Determine u(-17).
-49
Let z(m) = m**3 - 12*m**2 + 33*m - 6. Give z(8).
2
Let i(p) = -2*p**3 + 10*p**2 - 17*p + 175. Determine i(7).
-140
Let v(t) = -12*t - 343. What is v(-29)?
5
Let t(i) = 139*i + 42. Give t(-3).
-375
Let p(c) = c**3 - 15*c**2 + 6*c - 71. What is p(15)?
19
Let m(a) = 6*a + 110. Determine m(-24).
-34
Let v(r) = r**3 - 12*r**2 + 16*r + 15. Determine v(10).
-25
Let t(b) = -265*b - 3790. What is t(-16)?
450
Let r(d) = 4187*d - 12585. Calculate r(3).
-24
Let m(s) = 25*s**3 + 5*s**2 - 12*s + 8. Calculate m(2).
204
Let w(v) = 2*v**3 + 11*v**2 + 2*v + 2. Give w(2).
66
Let t(a) = -a**2 - 23*a + 45. Give t(-29).
-129
Let b(q) = 211*q - 6535. What is b(31)?
6
Let c(t) = 5*t**3 + 75*t**2 - 77*t + 54. What is c(-16)?
6
Let m(v) = -546*v**2 - 4368*v - 1. Give m(-8).
-1
Let o(v) = -558*v + 31. Calculate o(1).
-527
Let m(j) = 12*j**3 + 59*j**2 - 14*j - 46. What is m(-5)?
-1
Let h(m) = m**2 + 37*m + 26. Determine h(-38).
64
Let s(f) = -f**3 + 17*f**2 + 278*f - 217. Calculate s(27).
-1
Let k(d) = -d**3 - 26*d**2 - 141*d + 367. What is k(-15)?
7
Let b(i) = -89*i + 3888. Give b(44).
-28
Let c(s) = 39*s + 1912. Calculate c(-50).
-38
Let c(d) = -2*d**3 + 27*d**2 - 3*d + 19. Determine c(14).
-219
Let p(k) = -k**3 - 7*k**2 + 7*k - 13. What is p(-8)?
-5
Let n(z) = z**2 + 27*z - 365. Give n(-43).
323
Let m(c) = -c**3 - 21*c**2 - 19*c + 22. Calculate m(-17).
-811
Let f(y) = 46*y**2 - 736*y - 90. Give f(16).
-90
Let g(k) = 57*k - 1657. What is g(32)?
167
Let q(f) = -42*f + 2370. Give q(57).
-24
Let t(d) = 2*d**3 + 35*d**2 - 1024*d + 50. What is t(-33)?
83
Let f(j) = j**2 + 352*j - 18756. Give f(47).
-3
Let l(o) = -4*o + 142. Calculate l(12).
94
Let y(o) = 62*o - 891. Calculate y(15).
39
Let u(i) = 16*i**2 - 21*i - 37. What is u(-2)?
69
Let v(w) = w**3 - 9*w**2 + 43*w - 196. Determine v(7).
7
Let u(f) = -3*f**2 + 93*f - 855. Determine u(10).
-225
Let o(f) = 552*f + 4054. Calculate o(-8).
-362
Let x(i) = -i**3 + 34*i**2 - 100*i + 172. Give x(31).
-45
Let c(x) = 9*x**2 - 17*x - 20. Determine c(9).
556
Let b(a) = a**3 - 14*a**2 + 69*a - 285. Determine b(10).
5
Let o(q) = -q**2 - 59*q - 600. Calculate o(-46).
-2
Let g(y) = y**3 - 3*y**2 + 166*y - 992. Calculate g(6).
112
Let x(t) = -31*t**3 + 2*t**2 - 6*t + 4. Calculate x(1).
-31
Let y(z) = -z**2 + 8*z - 162. What is y(0)?
-162
Let f(g) = 2*g**3 + 131*g**2 + 72*g + 351. Calculate f(-65).
-104
Let u(y) = 29*y - 491. Give u(22).
147
Let s(h) = -3*h**2 - 92*h - 52. Determine s(-29).
93
Let x(b) = b**3 + 6*b**2 + 12*b + 97. Give x(-7).
-36
Let q(m) = -2*m**3 - 21*m**2 - 39*m + 4. Determine q(-8).
-4
Let s(t) = 1027*t - 4109. Give s(4).
-1
Let p(q) = -24619*q + 320049. Give p(13).
2
Let s(a) = a**2 - 4*a - 1314. Calculate s(-34).
-22
Let h(j) = -11*j**2 - 267*j - 71. Calculate h(-24).
1
Let v(x) = -4*x**2 - 11*x + 4. Calculate v(2).
-34
Let w(g) = -23*g**2 + 198*g - 13. What is w(10)?
-333
Let m(u) = -8*u + 41. What is m(-2)?
57
Let o(v) = 53*v + 838. What is o(-16)?
-10
Let x(z) = -z**3 - 13*z**2 - 40*z - 11. Give x(-12).
325
Let k(z) = 2322*z + 234517. Give k(-101).
-5
Let k(v) = -4*v**3 - 50*v**2 - 20*v + 54. Determine k(-12).
6
Let v(b) = 2912*b + 2893. Calculate v(-1).
-19
Let n(b) = 1389*b - 24996. What is n(18)?
6
Let q(l) = l**3 + 61*l**2 + 58*l - 115. What is q(-60)?
5
Let d(v) = -98*v - 156. Give d(-1).
-58
Let h(t) = t**2 - 12647*t + 37933. Determine h(3).
1
Let p(h) = -h**3 - 7*h**2 + 38*h + 147. What is p(-9)?
-33
Let n(u) = u**3 - 14*u**2 - 14*u + 23. Determine n(8).
-473
Let s(w) = -2*w**3 + 23*w**2 - 44*w + 363. Determine s(11).
0
Let f(q) = 3*q + 56. What is f(-17)?
5
Let q(f) = 12969*f - 129699. Determine q(10).
-9
Let t(p) = -47*p + 83. Determine t(5).
-152
Let j(n) = 6*n**2 - 13*n + 39. Determine j(6).
177
Let t(i) = -21*i - 146. Give t(-5).
-41
Let n(r) = 14*r + 1263. Calculate n(-60).
423
Let g(m) = 14*m**2 - 646*m - 1250. Give g(48).
-2
Let q(w) = -w**2 + 31*w - 376. What is q(27)?
-268
Let v(t) = t**3 + 35*t**2 + 172*t - 74. What is v(-29)?
-16
Let p(t) = 21*t - 548. Give p(36).
208
Let m(c) = 12*c**3 - 5*c**2 + 8*c - 4. What is m(2)?
88
Let d(z) = -5*z**3 + 28*z**2 + 96*z - 4. What is d(8)?
-4
Let y(i) = 2*i**3 + 4*i**2 + 7. What is y(3)?
97
Let h(x) = -x**2 + 294*x - 9071. Give h(35).
-6
Let l(i) = i**3 - 12*i**2 + 21*i + 28. What is l(9)?
-26
Let d(m) = -9*m**2 + 436*m - 118. What is d(48)?
74
Let d(v) = 223*v - 8260. Determine d(37).
-9
Let u(s) = -3*s**3 - 229*s**2 + 155*s + 9. Give u(-77).
-68
Let n(j) = -6*j**2 - 517*j - 5763. What is n(-73)?
4
Let p(x) = 7*x**3 + 24*x**2 - 14*x + 15. Determine p(-4).
7
Let u(v) = 21*v + 86